8)/3. Suppose -10*m = t*m - 6786. What is the hundreds digit of m?
3
Suppose -38*a = -4*a - 211786. Let f = a - 4405. What is the hundreds digit of f?
8
Suppose -3346568 - 1599417 = -209*y. What is the thousands digit of y?
3
Let t(g) = g**3 + 16*g**2 - 13*g - 16. Let w be t(-17). Let k = 326 + w. What is the tens digit of k?
4
Let n(z) = 11*z**2 + 2. Let g be n(-2). Let p be (-78)/429 + (g/11 - -1). Suppose p*c - 738 = -4*c. What is the units digit of c?
2
What is the tens digit of (-7 - -197 - -5)*((-2394)/(-15) - -4)?
0
Suppose 7*x = 3*x + 4. Suppose 0 = 5*p - 3*t - 13, -5*p = -2*p + 5*t - x. What is the tens digit of p - 1 - 188/(-2)?
9
Let g = -134 - -136. Suppose -3*x = 2*b - 22, -g*b + 5*x = b - 71. What is the units digit of b/((-2040)/16) + (-9064)/(-30)?
2
Let s = -8008 - -11444. What is the tens digit of s?
3
Suppose -3*n - 3013 = 4*j, n - 45 - 1454 = 2*j. Let t = j + 1654. What is the units digit of t?
3
Suppose 5*s + 20 = 9*s. Suppose -s*v - 626 = -2*i, 1516 - 587 = 3*i - 5*v. What is the hundreds digit of i?
3
Suppose 3 = -c - 2*a - 5, -3*c + a = -4. Suppose 23*n - 5*n - 16938 = c. What is the units digit of n?
1
Let o(u) be the third derivative of u**5/20 - u**4/24 + 31*u**3/6 + 29*u**2. What is the hundreds digit of o(-11)?
4
Let d be 488/12 - (3/(-3))/3. Let b = d + 7. Suppose 3*a = 45 + b. What is the units digit of a?
1
Suppose 77*c - 2 = 79*c, 4*u + 1202 = -2*c. What is the tens digit of 50/u - 2750/(-12)?
2
Suppose 0*a + 2*k - 18 = -a, -5*a = -2*k - 126. Suppose -210 - 612 = -46*v + 1570. Let n = v - a. What is the units digit of n?
8
Suppose 4131 - 2389 = 2*l. What is the tens digit of l?
7
Let n be -5 + 47 - (-6 - 60/(-6)). Suppose -34690 = -n*r + 16154. What is the thousands digit of r?
1
Suppose 0 = -15991*w + 15962*w + 311953. What is the tens digit of w?
5
Let d = 16498 + -16481. Let f = 29 - -53. Let t = f - d. What is the tens digit of t?
6
Let o = -109 + 1275. Suppose -o*f = -1170*f + 2576. What is the tens digit of f?
4
Let i = -8 - -6. Let o be (-11 + -151)*i/3. Let z = o + -87. What is the units digit of z?
1
Let g(c) be the first derivative of 41*c**3/3 + c**2 - 2*c + 1. Let q = 2599 + -2597. What is the hundreds digit of g(q)?
1
Suppose p = -0*g + 2*g + 13, -3*p - 3*g + 3 = 0. Let n = -8 + p. What is the tens digit of -2 + -1 + n + 4 + 60?
5
Suppose -2*u - 5*k = -5122, -5*u = -5*k - 12859 + 19. Let o = u - 1244. What is the tens digit of o?
2
Let m = 148 - 141. Suppose -4*p - 1116 = -m*p + 5*a, -2*p + 744 = -a. What is the hundreds digit of p?
3
Suppose 0 = -75*t + 1170831 - 80406. What is the hundreds digit of t?
5
Suppose 1234 = 6*j - 4*j + 2*x, -5*j - x + 3081 = 0. Suppose 16*o - 23*o = -j. What is the tens digit of o?
8
Suppose -38*a - 12 = -40*a. Suppose 4*o - 11 = a*y - 3*y, -o - 3*y = -14. Suppose 130 = -4*l + o*l. What is the tens digit of l?
3
Let p(y) = -313*y - 191. Suppose 3*c = -3*x - 9, -c - c - 3*x = 5. What is the hundreds digit of p(c)?
0
Let d be (-116)/(-36) - (-2)/(-9). Suppose 0*l = -d*l + 18. Suppose l + 24 = j. What is the tens digit of j?
3
Let m be 1/(14/(-4)) + 18/14. Suppose t + t = -2*o + 14, 2*o = 3*t - m. What is the hundreds digit of 3*(-1)/t + 126?
1
Let g(w) be the third derivative of 7*w**4/8 - w**3 + 6*w**2. What is the units digit of g(29)?
3
Let f(l) = l**3 - 32*l**2 + 134*l - 263. What is the units digit of f(50)?
7
Suppose -25 = -31*m - 149. What is the hundreds digit of 322425/855 + m/38?
3
Suppose -4 - 1 = p + 2*h, 5*h + 17 = -p. Suppose 166 = p*m - 2*y, -3*m + 106 = 4*y - 84. What is the units digit of m?
8
Let l(o) = 9227*o - 2505. What is the hundreds digit of l(1)?
7
Let n = 63 - 73. Let y be 1 + (-5705)/n + 6/4. Suppose -4*u - 41 + y = 0. What is the hundreds digit of u?
1
Let c(g) = -g + 10. Let x be c(-5). Suppose -4*r + 7*r + x = 0. What is the tens digit of ((-375)/(-6))/r*1*-12?
5
Suppose 8*i - 3*i - 5*m = 74830, 0 = -2*i + 4*m + 29940. What is the tens digit of i?
6
Suppose 2*p + m - 6 = -m, 5*p + m = 27. Let d(q) = 6*q + 12. Let n be d(p). What is the units digit of (315/10)/7*n?
6
Let t(p) = 59*p**3 - 43*p**2 + 338*p - 13. What is the ten thousands digit of t(8)?
3
Suppose -5*m = 5*l - 144615, 2*l - 104927 - 10765 = -4*m. What is the hundreds digit of m?
9
Let t be ((-49644)/(-16))/(-9) + 6/8. Let d = 7 - t. What is the units digit of d?
1
What is the tens digit of 2285/(6290/260 - 24)?
8
Let o be (-2)/11 - 0 - 544/(-88). Suppose -o*x + 641 = -175. What is the hundreds digit of x?
1
Suppose -2*o + 3*j - 10 = 0, 0 = 4*o + 3*j + j. What is the hundreds digit of 3004/(o/(-5) - 8/(-5))?
5
Suppose 4*k - 43 - 13 = 0. Suppose 0 = -2*q + 4*x + 349 + 119, -3*x = 5*q - 1183. Suppose -1244 = -k*l - q. What is the units digit of l?
2
Suppose 0 = -336*b + 346*b - 20990. Let r = -948 + b. What is the hundreds digit of r?
1
Let a = 1234 + -641. Let h = a - 145. Suppose 5*d - h = d. What is the hundreds digit of d?
1
Let w(p) = 148*p - 57. Let n be w(-5). Let o = -614 - n. What is the hundreds digit of o?
1
Let c = 313 + -223. Let h = 209 - c. What is the tens digit of h?
1
Let y(j) = -j**2 + 85*j + 67. Let g be ((-1470)/(-175))/(2/5). What is the thousands digit of y(g)?
1
Suppose -2*l = 3*l + 25. Let z(j) = -4*j**3 - j**2 - 5*j + 5. Let n(w) = w**3 - 2*w**2 + 2*w + 2. Let t(v) = -3*n(v) - z(v). What is the tens digit of t(l)?
4
Let n = 1894 - 1776. What is the tens digit of n?
1
Let s = 331 - 335. What is the units digit of (-74)/s*26 - 7?
4
Let p = -143 - -146. Suppose -p*z + z = -2, 4*m - 3*z = 2701. What is the tens digit of m?
7
Let c(x) be the first derivative of -18 + 1/2*x**2 + 1/3*x**3 - 1/2*x**4 + 5*x. What is the tens digit of c(-5)?
7
What is the units digit of 12/72*420363 - (-3)/12*-2?
0
Suppose 5*g = -0 + 10. Let f(z) = -z**2 + z - 1. Let q be f(g). Let l(n) = -3*n**3 + n**2 - n - 5. What is the tens digit of l(q)?
8
Let h be (-8 - -1)*(-2466)/21. Suppose -g + 5 = 2*l + 1, -3*l + 6 = 5*g. Suppose -f - 2*r = -210, 4*f + l*r - h = -0*f. What is the hundreds digit of f?
2
Let d = 6 + -3. Suppose 3*t - d*w = -5*w + 845, 2*t + 2*w = 560. Suppose 2*j - t = -53. What is the hundreds digit of j?
1
Suppose -3*j - 5*t + 24498 = 0, 4975 = 2*j + t - 11343. What is the hundreds digit of j?
1
Let y = 1586 - 2329. What is the tens digit of 2 + 0 - (y + -4 + -5)?
5
Let v(x) = -992*x + 7. Let a be v(-4). Suppose 5*p = -0*p + a. Suppose -17*c + p = -1500. What is the units digit of c?
5
What is the units digit of (3*(-8)/96)/((-2)/31128)?
1
Suppose -76500 = 560*g - 635*g. What is the thousands digit of g?
1
Suppose 9478 = 5*o - 8492. What is the hundreds digit of (2 + (-32)/24)*o/4?
5
Let n = 4766 + 3656. What is the tens digit of n?
2
Suppose -r + 125 + 61 = 0. Suppose -472 = -2*p - r. What is the units digit of p?
3
Suppose -3*c = 12 - 9. Let l = c - 11. What is the units digit of 1 + 146 - l/3?
1
What is the units digit of 888/148 - (-6984 + 0)?
0
Suppose a = -2*r + 26, -5*a - 11*r + 116 = -8*r. Suppose -a*z = -6049 - 14587. What is the tens digit of z?
3
Suppose 198*z - 73*z - 1579250 = 0. What is the units digit of z?
4
Suppose 9*t - 4*t + 2*u = 78844, 4*u = -3*t + 47312. What is the units digit of t?
8
Suppose 29*c + 66714 = 115550 + 97672. What is the units digit of c?
2
Suppose -254671 = -25*y - 84546. What is the hundreds digit of y?
8
What is the thousands digit of (69126/(-4))/(3 + 196/(-56))?
4
Let a(g) = 2*g**2 + 21*g + 7. Suppose 3*x + 2*w = 31, -x = -3*x - 5*w + 39. What is the hundreds digit of a(x)?
2
Suppose 0 = -210*y + 4935673 + 1452947. What is the tens digit of y?
2
Let z be 2/13 + (-145)/13. Let k(b) be the third derivative of -b**6/120 - b**5/6 - b**4/24 - b**3/2 - 20*b**2. What is the hundreds digit of k(z)?
1
Let t = 295 + -160. Let r be 9/((-45)/(-65)) - 10. Suppose 0 = n - f - t, -2*n = -r*n - 5*f + 129. What is the hundreds digit of n?
1
Let n = 4054 + -3578. Let y = -8 - -12. Suppose -2*x = -4*s + 453 + 35, -y*s - x + n = 0. What is the tens digit of s?
2
Let s = 28521 - 12166. What is the tens digit of s?
5
Let u = -101 + 72. Let j = -105 - u. Let q = j - -109. What is the units digit of q?
3
Let r(w) = -27*w + 444. What is the units digit of r(4)?
6
Suppose 945693 = 210*j - 119*j - 202636. What is the hundreds digit of j?
6
Suppose -374*